{"id":21,"date":"2025-12-18T20:19:23","date_gmt":"2025-12-18T20:19:23","guid":{"rendered":"https:\/\/www.arioncoaching.fr\/?page_id=21"},"modified":"2026-04-08T10:08:53","modified_gmt":"2026-04-08T10:08:53","slug":"animations-equestres","status":"publish","type":"page","link":"https:\/\/www.arioncoaching.fr\/index.php\/animations-equestres\/","title":{"rendered":"Animations poney pour enfants &#8211; Packs d&rsquo;animations \u00e9questres p\u00e9dagogiques cl\u00e9 en main"},"content":{"rendered":"\n<figure class=\"wp-block-image is-resized\"><img loading=\"lazy\" decoding=\"async\" width=\"612\" height=\"408\" src=\"https:\/\/www.arioncoaching.fr\/wp-content\/uploads\/2026\/01\/pack-animations-equstres-poney-enfants-2-9-ans.jpg\" alt=\"\" class=\"wp-image-193\" style=\"aspect-ratio:1.5000765990042129;width:665px;height:auto\" srcset=\"https:\/\/www.arioncoaching.fr\/wp-content\/uploads\/2026\/01\/pack-animations-equstres-poney-enfants-2-9-ans.jpg 612w, https:\/\/www.arioncoaching.fr\/wp-content\/uploads\/2026\/01\/pack-animations-equstres-poney-enfants-2-9-ans-300x200.jpg 300w, https:\/\/www.arioncoaching.fr\/wp-content\/uploads\/2026\/01\/pack-animations-equstres-poney-enfants-2-9-ans-600x400.jpg 600w\" sizes=\"auto, (max-width: 612px) 100vw, 612px\" \/><\/figure>\n\n\n\n<p><mark style=\"background-color:rgba(0, 0, 0, 0);color:#000000\" class=\"has-inline-color\">Je propose des packs d&rsquo;animations poney con\u00e7us pour les professionnels souhaitant organiser facilement des activit\u00e9s autour du poney.<\/mark><\/p>\n\n\n\n<p><mark style=\"background-color:rgba(0, 0, 0, 0);color:#000000\" class=\"has-inline-color\">Ces packs sont pens\u00e9s pour \u00eatre pratiques, p\u00e9dagogiques et directement utilisables.<\/mark><\/p>\n\n\n\n<h2 class=\"wp-block-heading\"><mark style=\"background-color:rgba(0, 0, 0, 0)\" class=\"has-inline-color has-palette-color-2-color\">Des animations poneys pr\u00eates \u00e0 l&#8217;emploi<\/mark><\/h2>\n\n\n\n<p><mark style=\"background-color:rgba(0, 0, 0, 0);color:#000000\" class=\"has-inline-color\">Je propose des packs d&rsquo;animations \u00e9questres con\u00e7us pour les professionnels souhaitant organiser facilement des activit\u00e9s autour du cheval.<\/mark><\/p>\n\n\n\n<p><mark style=\"background-color:rgba(0, 0, 0, 0);color:#000000\" class=\"has-inline-color\">Ces packs sont pens\u00e9s pour \u00eatre pratiques, p\u00e9dagogiques et directement utilisables.<\/mark><\/p>\n\n\n\n<p><mark style=\"background-color:rgba(0, 0, 0, 0);color:#000000\" class=\"has-inline-color\">Ils sont id\u00e9als pour :<\/mark><\/p>\n\n\n\n<ul class=\"wp-block-list\">\n<li><mark style=\"background-color:rgba(0, 0, 0, 0);color:#000000\" class=\"has-inline-color\">centres \u00e9questres<\/mark><\/li>\n\n\n\n<li><mark style=\"background-color:rgba(0, 0, 0, 0);color:#000000\" class=\"has-inline-color\">poneys clubs<\/mark><\/li>\n\n\n\n<li><mark style=\"background-color:rgba(0, 0, 0, 0);color:#000000\" class=\"has-inline-color\">BPJEPS et AE<\/mark><\/li>\n\n\n\n<li><mark style=\"background-color:rgba(0, 0, 0, 0);color:#000000\" class=\"has-inline-color\">enseignants<\/mark> <mark style=\"background-color:rgba(0, 0, 0, 0);color:#000000\" class=\"has-inline-color\">en formation<\/mark><\/li>\n<\/ul>\n\n\n\n<h2 class=\"wp-block-heading\"><mark style=\"background-color:rgba(0, 0, 0, 0)\" class=\"has-inline-color has-palette-color-2-color\">Objectifs des packs d&rsquo;animation poney<\/mark> <\/h2>\n\n\n\n<p><mark style=\"background-color:rgba(0, 0, 0, 0);color:#000000\" class=\"has-inline-color\">Ces packs vous aident \u00e0 :<\/mark><\/p>\n\n\n\n<ul class=\"wp-block-list\">\n<li><mark style=\"background-color:rgba(0, 0, 0, 0);color:#000000\" class=\"has-inline-color\">proposer des animations vari\u00e9es \u00e0 vos cavaliers<\/mark><\/li>\n\n\n\n<li><mark style=\"background-color:rgba(0, 0, 0, 0);color:#000000\" class=\"has-inline-color\">attirer une nouvelle client\u00e8le<\/mark><\/li>\n\n\n\n<li><mark style=\"background-color:rgba(0, 0, 0, 0);color:#000000\" class=\"has-inline-color\">ne plus \u00eatre en panne d&rsquo;id\u00e9es<\/mark><\/li>\n\n\n\n<li><mark style=\"background-color:rgba(0, 0, 0, 0);color:#000000\" class=\"has-inline-color\">proposer une animation qui fonctionne \u00e0 100% car test\u00e9e en condition r\u00e9el<\/mark><\/li>\n\n\n\n<li><mark style=\"background-color:rgba(0, 0, 0, 0);color:#000000\" class=\"has-inline-color\">faire d\u00e9couvrir de nouveaux supports p\u00e9dagogiques et ludiques<\/mark><\/li>\n<\/ul>\n\n\n\n<h2 class=\"wp-block-heading\"><mark style=\"background-color:rgba(0, 0, 0, 0)\" class=\"has-inline-color has-palette-color-2-color\">Une approche respectueuse et coh\u00e9rente<\/mark><\/h2>\n\n\n\n<p><mark style=\"background-color:rgba(0, 0, 0, 0);color:#000000\" class=\"has-inline-color\">Toutes les animations sont con\u00e7ues dans une d\u00e9marche :<\/mark><\/p>\n\n\n\n<ul class=\"wp-block-list\">\n<li><mark style=\"background-color:rgba(0, 0, 0, 0);color:#000000\" class=\"has-inline-color\">respectueuse du cheval<\/mark><\/li>\n\n\n\n<li><mark style=\"background-color:rgba(0, 0, 0, 0);color:#000000\" class=\"has-inline-color\">adapt\u00e9s au niveau et aux capacit\u00e9s selon l&rsquo;\u00e2ge des publics<\/mark><\/li>\n\n\n\n<li><mark style=\"background-color:rgba(0, 0, 0, 0);color:#000000\" class=\"has-inline-color\">ax\u00e9es au maximum sur la s\u00e9curit\u00e9<\/mark><\/li>\n<\/ul>\n\n\n\n<h2 class=\"wp-block-heading\"><mark style=\"background-color:rgba(0, 0, 0, 0)\" class=\"has-inline-color has-palette-color-2-color\">Packs d&rsquo;animations \u00e9questre disponible partout en France<\/mark><\/h2>\n\n\n\n<p><mark style=\"background-color:rgba(0, 0, 0, 0);color:#000000\" class=\"has-inline-color\">Les packs sont accessibles en ligne et utilisables dans toute la France.<\/mark><\/p>\n\n\n\n<p><mark style=\"background-color:rgba(0, 0, 0, 0);color:#000000\" class=\"has-inline-color\">Peu importe votre structures, les packs sont adaptables et utilisables facilement.<\/mark><\/p>\n\n\n\n<p><mark style=\"background-color:rgba(0, 0, 0, 0);color:#000000\" class=\"has-inline-color\">Ils peuvent s&rsquo;utiliser en carri\u00e8re\/man\u00e8ge ou en ext\u00e9rieur, en s\u00e9ance, stage ou animations du week-end.<\/mark><\/p>\n\n\n\n<h2 class=\"wp-block-heading\"><mark style=\"background-color:rgba(0, 0, 0, 0)\" class=\"has-inline-color has-palette-color-2-color\">Une approche p\u00e9dagogique unique<\/mark><\/h2>\n\n\n\n<p><mark style=\"background-color:rgba(0, 0, 0, 0);color:#000000\" class=\"has-inline-color\">Ces packs sont issus de mon exp\u00e9rience terrain en \u00e9quitation, animation et accompagnement.<\/mark><\/p>\n\n\n\n<p><mark style=\"background-color:rgba(0, 0, 0, 0);color:#000000\" class=\"has-inline-color\">Ils ont \u00e9t\u00e9 con\u00e7us pour fonctionner concr\u00e8tement selon les capacit\u00e9s cognitives et physiques de chaque \u00e2ge.<\/mark><\/p>\n\n\n\n<h2 class=\"wp-block-heading\"><mark style=\"background-color:rgba(0, 0, 0, 0)\" class=\"has-inline-color has-palette-color-2-color\">D\u00e9couvrir les packs d&rsquo;animations \u00e9questres<\/mark><\/h2>\n\n\n\n<p><mark style=\"background-color:rgba(0, 0, 0, 0);color:#000000\" class=\"has-inline-color\">Acc\u00e9dez \u00e0 la boutique pour d\u00e9couvrir les diff\u00e9rents packs disponibles<\/mark><\/p>\n\n\n\n<div class=\"wp-block-buttons is-content-justification-center is-layout-flex wp-container-core-buttons-is-layout-a89b3969 wp-block-buttons-is-layout-flex\">\n<div class=\"wp-block-button\"><a class=\"wp-block-button__link wp-element-button\">d\u00e9couvrir les packs d&rsquo;animation<\/a><\/div>\n<\/div>\n\n\n\n<div class=\"wp-block-columns is-layout-flex wp-container-core-columns-is-layout-28f84493 wp-block-columns-is-layout-flex\">\n<div class=\"wp-block-column is-layout-flow wp-block-column-is-layout-flow\">\n<figure class=\"wp-block-image size-large\"><img loading=\"lazy\" decoding=\"async\" width=\"768\" height=\"1024\" src=\"https:\/\/www.arioncoaching.fr\/wp-content\/uploads\/2026\/01\/pack-animation-equestre-2-9-ans-poney-REdim-768x1024.jpg\" alt=\"\" class=\"wp-image-197\" srcset=\"https:\/\/www.arioncoaching.fr\/wp-content\/uploads\/2026\/01\/pack-animation-equestre-2-9-ans-poney-REdim-768x1024.jpg 768w, https:\/\/www.arioncoaching.fr\/wp-content\/uploads\/2026\/01\/pack-animation-equestre-2-9-ans-poney-REdim-225x300.jpg 225w, https:\/\/www.arioncoaching.fr\/wp-content\/uploads\/2026\/01\/pack-animation-equestre-2-9-ans-poney-REdim-1152x1536.jpg 1152w, https:\/\/www.arioncoaching.fr\/wp-content\/uploads\/2026\/01\/pack-animation-equestre-2-9-ans-poney-REdim-1536x2048.jpg 1536w, https:\/\/www.arioncoaching.fr\/wp-content\/uploads\/2026\/01\/pack-animation-equestre-2-9-ans-poney-REdim-600x800.jpg 600w, https:\/\/www.arioncoaching.fr\/wp-content\/uploads\/2026\/01\/pack-animation-equestre-2-9-ans-poney-REdim-rotated.jpg 1600w\" sizes=\"auto, (max-width: 768px) 100vw, 768px\" \/><\/figure>\n<\/div>\n\n\n\n<div class=\"wp-block-column is-layout-flow wp-block-column-is-layout-flow\">\n<figure class=\"wp-block-image size-full\"><img loading=\"lazy\" decoding=\"async\" width=\"370\" height=\"493\" src=\"https:\/\/www.arioncoaching.fr\/wp-content\/uploads\/2026\/01\/animation-pack-poney-equitation-debutant.jpg\" alt=\"\" class=\"wp-image-198\" srcset=\"https:\/\/www.arioncoaching.fr\/wp-content\/uploads\/2026\/01\/animation-pack-poney-equitation-debutant.jpg 370w, https:\/\/www.arioncoaching.fr\/wp-content\/uploads\/2026\/01\/animation-pack-poney-equitation-debutant-225x300.jpg 225w\" sizes=\"auto, (max-width: 370px) 100vw, 370px\" \/><\/figure>\n<\/div>\n\n\n\n<div class=\"wp-block-column is-layout-flow wp-block-column-is-layout-flow\">\n<figure class=\"wp-block-image size-large\"><img loading=\"lazy\" decoding=\"async\" width=\"768\" height=\"1024\" src=\"https:\/\/www.arioncoaching.fr\/wp-content\/uploads\/2026\/01\/animation-poney-equitation-pack-noel-redim-768x1024.jpg\" alt=\"\" class=\"wp-image-199\" srcset=\"https:\/\/www.arioncoaching.fr\/wp-content\/uploads\/2026\/01\/animation-poney-equitation-pack-noel-redim-768x1024.jpg 768w, https:\/\/www.arioncoaching.fr\/wp-content\/uploads\/2026\/01\/animation-poney-equitation-pack-noel-redim-225x300.jpg 225w, https:\/\/www.arioncoaching.fr\/wp-content\/uploads\/2026\/01\/animation-poney-equitation-pack-noel-redim-1152x1536.jpg 1152w, https:\/\/www.arioncoaching.fr\/wp-content\/uploads\/2026\/01\/animation-poney-equitation-pack-noel-redim-1536x2048.jpg 1536w, https:\/\/www.arioncoaching.fr\/wp-content\/uploads\/2026\/01\/animation-poney-equitation-pack-noel-redim-600x800.jpg 600w, https:\/\/www.arioncoaching.fr\/wp-content\/uploads\/2026\/01\/animation-poney-equitation-pack-noel-redim-rotated.jpg 1600w\" sizes=\"auto, (max-width: 768px) 100vw, 768px\" \/><\/figure>\n<\/div>\n<\/div>\n","protected":false},"excerpt":{"rendered":"<p>Id\u00e9es d&rsquo;animations poneys pour les enfants de 3 \u00e0 9 ans \u00e0 destination des professionnels du monde \u00e9questre. Activit\u00e9s p\u00e9dagogiques pr\u00eates \u00e0 l&#8217;emploi.<\/p>\n","protected":false},"author":1,"featured_media":0,"parent":0,"menu_order":0,"comment_status":"closed","ping_status":"closed","template":"","meta":{"footnotes":""},"class_list":["post-21","page","type-page","status-publish","hentry"],"blocksy_meta":[],"jetpack_sharing_enabled":true,"_links":{"self":[{"href":"https:\/\/www.arioncoaching.fr\/index.php\/wp-json\/wp\/v2\/pages\/21","targetHints":{"allow":["GET"]}}],"collection":[{"href":"https:\/\/www.arioncoaching.fr\/index.php\/wp-json\/wp\/v2\/pages"}],"about":[{"href":"https:\/\/www.arioncoaching.fr\/index.php\/wp-json\/wp\/v2\/types\/page"}],"author":[{"embeddable":true,"href":"https:\/\/www.arioncoaching.fr\/index.php\/wp-json\/wp\/v2\/users\/1"}],"replies":[{"embeddable":true,"href":"https:\/\/www.arioncoaching.fr\/index.php\/wp-json\/wp\/v2\/comments?post=21"}],"version-history":[{"count":11,"href":"https:\/\/www.arioncoaching.fr\/index.php\/wp-json\/wp\/v2\/pages\/21\/revisions"}],"predecessor-version":[{"id":319,"href":"https:\/\/www.arioncoaching.fr\/index.php\/wp-json\/wp\/v2\/pages\/21\/revisions\/319"}],"wp:attachment":[{"href":"https:\/\/www.arioncoaching.fr\/index.php\/wp-json\/wp\/v2\/media?parent=21"}],"curies":[{"name":"wp","href":"https:\/\/api.w.org\/{rel}","templated":true}]}}